ase 11) to base 15.
-1584d6
23610736 (base 8) to base 12
189a966
What is -1110000000101010101101 (base 2) in base 15?
-4c834e
Convert -180252 (base 9) to base 3.
-12200021202
-235235444 (base 6) to base 12
-15a8b84
-1510886 (base 10) to base 9
-2752482
-30424101 (base 5) to base 3
-110122002022
What is -4112327 (base 8) in base 7?
-12144106
What is -ca6a7b (base 14) in base 11?
-39634a6
3358 (base 16) to base 8
31530
Convert -24548 (base 12) to base 6.
-1015332
What is -132021 (base 12) in base 10?
-314521
-21157673 (base 8) to base 14
-856d2b
What is 3655 (base 13) in base 7?
31243
-1122202101000 (base 3) to base 2
-11010111000100000110
1b982c (base 16) to base 5
430332203
142cb (base 15) to base 3
10021211202
What is 4756570 (base 8) in base 5?
313130010
Convert -62361671 (base 8) to base 5.
-11341343113
340231 (base 6) to base 4
12332323
What is -12020101112011 (base 3) in base 4?
-22213123333
Convert -11110212120210 (base 3) to base 15.
-31ee03
What is -601c95 (base 14) in base 6?
-153135431
Convert 2742276 (base 9) to base 11.
938107
What is 255762 (base 8) in base 12?
4366a
What is -161e7 (base 16) in base 8?
-260747
What is -36770 (base 14) in base 15?
-296dc
Convert a32a3 (base 13) to base 7.
2326162
What is -11010110010011000 (base 2) in base 7?
-634612
200232310130 (base 4) to base 7
132634454
Convert 29798 (base 14) to base 10.
103034
1301151 (base 7) to base 9
276120
-11084 (base 14) to base 8
-120474
-110012213100 (base 4) to base 5
-2322114333
What is 2494ba (base 16) in base 7?
26243263
What is -20213252 (base 6) in base 3?
-1002100010212
Convert -110001011111101000100111 (base 2) to base 11.
-736203a
Convert 1352031 (base 7) to base 3.
100011222200
314253 (base 7) to base 5
3214310
Convert -3710938 (base 10) to base 3.
-20222112110011
Convert -1202022200 (base 3) to base 7.
-202401
What is -30110202 (base 5) in base 16?
-3a261
1028600 (base 9) to base 12
226969
180820 (base 16) to base 8
6004040
221341 (base 5) to base 9
11528
What is -52099a (base 12) in base 9?
-2371441
-107a8 (base 14) to base 11
-28006
What is -a01765 (base 13) in base 11?
-21091aa
Convert 53503123 (base 6) to base 13.
433a70
Convert -132412030 (base 5) to base 9.
-1230514
-f274b (base 16) to base 11
-619148
Convert 9b7b78 (base 12) to base 6.
125103432
4133313 (base 5) to base 7
402062
What is 120c288 (base 15) in base 3?
220100221200102
120212113330 (base 4) to base 11
3704a57
What is -22662 (base 7) in base 6?
-42550
What is -6731745 (base 8) in base 16?
-1bb3e5
Convert -47db9d (base 15) to base 16.
-347725
Convert 966045 (base 13) to base 15.
499c2c
What is -180220 (base 10) in base 13?
-64051
Convert -31211234 (base 5) to base 13.
-90017
Convert 5a78e0 (base 15) to base 9.
8126843
What is -2d3ada (base 16) in base 2?
-1011010011101011011010
-18360 (base 15) to base 2
-10011001000110110
What is 40a1f3 (base 16) in base 11?
2433434
What is 567a06 (base 11) in base 4?
3130213102
-11420 (base 11) to base 5
-1011403
What is -233021240 (base 5) in base 3?
-2000001110101
836b9 (base 15) to base 16
65b89
What is -1210964 (base 10) in base 3?
-2021112010112
What is 1906775 (base 11) in base 6?
153121223
10031100333 (base 4) to base 13
2c8014
12133303 (base 5) to base 8
340214
542272 (base 11) to base 14
187c66
Convert -7306a (base 12) to base 2.
-100100101110010010
What is 44639 (base 13) in base 10?
124094
Convert 445214 (base 6) to base 14.
d910
What is -2150226 (base 8) in base 11?
-36502a
Convert d82522 (base 14) to base 10.
7305538
Convert 105079 (base 15) to base 9.
1412866
What is 27904 (base 10) in base 13?
c916
What is 3614655 (base 7) in base 11?
29302a
534604 (base 7) to base 6
1554044
What is 1007a (base 11) in base 4?
3212020
Convert 46527602 (base 8) to base 15.
d53a69
Convert 9c9b (base 14) to base 12.
13895
What is 13076139 (base 10) in base 13?
292aa7b
Convert 6b8853 (base 12) to base 6.
101113343
-817377 (base 10) to base 6
-25304053
33732 (base 12) to base 5
4142223
What is 52b80 (base 13) in base 12?
723a2
What is 12dc5 (base 14) in base 9?
70855
What is -a52174 (base 13) in base 11?
-21a7409
-120311231 (base 4) to base 10
-101741
Convert ab713 (base 13) to base 2.
1001011111011000000
What is -110011001100101001 (base 2) in base 15?
-42205
What is 21231420 (base 5) in base 16?
2c00b
-2b112 (base 12) to base 3
-10002011212
Convert 11001110111010001100 (base 2) to base 9.
1531486
Convert 21202112010011 (base 3) to base 15.
566e0d
-30a9f (base 16) to base 15
-3e0d7
Convert 283b51 (base 12) to base 16.
a3aad
Convert 20321302013 (base 4) to base 3.
11101120102012
What is -5ae16 (base 15) in base 12?
-11ba26
-12201102111 (base 3) to base 16
-1b7c0
What is -1100111100101101010011 (base 2) in base 3?
-20101110020001
-232221102 (base 4) to base 16
-2ea52
What is 3449a17 (base 11) in base 2?
10111000000010101000010
Convert 4265740 (base 11) to base 8.
34477572
-10230330 (base 4) to base 16
-4b3c
1565283 (base 9) to base 4
3110120232
Convert 583903 (base 11) to base 5.
214134333
Convert -11100000010111110101011 (base 2) to base 8.
-34027653
What is -1120022113 (base 4) in base 8?
-1301227
23002 (base 4) to base 15
321
Convert -30333021 (base 4) to base 7.
-311040
-30200 (base 6) to base 4
-331320
Convert -303658 (base 9) to base 15.
-38468
Convert -20434001 (base 5) to base 2.
-101001110001110110
-29c67 (base 16) to base 11
-107616
Convert 7513067 (base 8) to base 2.
111101001011000110111
Convert 75bb7 (base 12) to base 10.
155515
What is -10223133 (base 4) in base 6?
-224423
Convert 1b3e324 (base 15) to base 2.
1001100000101000010100000
-1443634 (base 8) to base 6
-12453152
-1204a (base 15) to base 2
-1110000001100101
Convert -12211221110202 (base 3) to base 13.
-84b036
-5790aa (base 11) to base 16
-e0921
What is 33102210320 (base 4) in base 13?
aa455a
Convert 103948 (base 10) to base 3.
12021120221
Convert -3a3b83 (base 12) to base 7.
-11110641
What is -22121201112221 (base 3) in base 13?
-c44ca4
-5360203 (base 7) to base 16
-9f775
Convert -17072 (base 14) to base 15.
-12184
What is -12201020211120 (base 3) in base 10?
-3036165
Convert 26142 (base 10) to base 11.
18706
What is -111100101010000 (base 2) in base 3?
-1120121020
-1011100010100001111010 (base 2) to base 8
-13424172
Convert -686252 (base 15) to base 4.
-103000110023
1d9916 (base 14) to base 12
4336a8
Convert 100742 (base 10) to base 14.
289dc
What is -15222602 (base 7) in base 10?
-1451186
25310 (base 10) to base 7
133535
Convert 101100011010000011000111 (base 2) to base 4.
230122003013
-325425035 (base 6) to base 8
-26302457
What is -16a7661 (base 11) in base 8?
-13025063
-766e1 (base 15) to base 13
-1022c5
What is -1602646 (base 9) in base 11?
-556a5a
What is -12030320 (base 4) in base 13?
-b73b
45545 (base 6) to base 16
1949
What is 21402242 (base 5) in base 14?
4b449
What is -5c396 (base 13) in base 4?
-221131013
What is -3331021133 (base 4) in base 7?
-11546006
10002221100 (base 3) to base 11
41a79
Convert 2686b (base 12) to base 13.
1b209
-2011212010100 (base 3) to base 7
-12563316
Convert 1212013023 (base 5) to base 10.
2844763
-38a80 (base 14) to base 4
-202000020
What is -102421111 (base 5) in base 11?
-278455
-1a9444 (base 12) to base 7
-4005115
Convert -203722 (base 8) to base 4.
-100133102
Convert -110222122122 (base 3) to base 5.
-31140001
Convert -4355322 (base 9) to base 12.
-949b48
What is 1411514 (base 7) in base 14?
4c67b
What is 198ba2 (base 12) in base 11?
288918
Convert 252152340 (base 6) to base 15.
662149
Convert 1867185 (base 11) to base 4.
30002311202
What is 35256513 (base 7) in base 13?
84a161
Convert -49ad53 (base 14) to base 15.
-34db86
Convert -230211302 (base 4) to base 7.
-1360325
-2020110120012 (base 3) to base 6
-41301522
What is 35c0ac (base 15) in base 3?
11211200000000
Convert 3412206 (base 7) to base 12.
185006
-14022030 (base 5) to base 14
-39b2c
10004301 (base 8) to base 3
10221122211022
What is -5145a (base 11) in base 6?
-1335341
2e21 (base 15) to base 10
9931
Convert -10100111010101111011 (base 2) to base 4.
-2213111323
Convert -1a1cb (base 14) to base 3.
-10100212000
What is 1111211002201 (base 3) in base 7?
6554236
What is 29a5a (base 13) in base 12?
39630
Convert 1331213 (base 6) to base 16.
121b9
1573679 (base 10) to base 15
21141e
Conver